{"id":1377,"date":"2018-02-12T14:03:02","date_gmt":"2018-02-12T13:03:02","guid":{"rendered":"http:\/\/ssv-holzhausen.de\/new\/?page_id=1377"},"modified":"2021-09-15T14:33:54","modified_gmt":"2021-09-15T12:33:54","slug":"schwarzpulver","status":"publish","type":"page","link":"https:\/\/ssv-holzhausen.de\/new\/training\/schwarzpulver\/","title":{"rendered":"Schwarzpulver"},"content":{"rendered":"<p>Die letzten Termine waren sehr gut besucht und habe allen sehr viel Spa\u00df gemacht. Weiterhin wird es wieder mind. 2 Termine pro Jahr auf dem Schie\u00dfstand in Tengern geben, diese findet ihr unter <a href=\"https:\/\/ssv-holzhausen.de\/new\/training\/termine\/\">Termine<\/a>. Dieser Stand hat auch die Zulassung f\u00fcr Schwarzpulver.<\/p>\n<p><strong>Auch daf\u00fcr gilt schon mal: F\u00fcr bessere Planung bitte unbedingt zum jeweiligen Termin Anmeldung an <a href=\"http:\/\/ssv-holzhausen.de\/new\/unser-verein\/orga-vorstand\/\">Claudia Meyer<\/a> mit Angaben:<\/strong><br \/>\n<strong> 1. Anf\u00e4nger?<\/strong><br \/>\n<strong> 2. Werden Waffen mitgebracht &#8211; welche?<\/strong><br \/>\n<strong> 3. Ist Erlaubnis nach \u00a727SprengG vorhanden?<\/strong><\/p>\n<p>Wichtiger Hinweis f\u00fcr alle Vereinsmitglieder, die regelm\u00e4\u00dfig am \u00fcblichen Tengern-Termin teilnehmen: Aus sicherheitstechnischen Gr\u00fcnden sind w\u00e4hrend dieser Trainingszeiten moderne Patronenwaffen mit Nitroladungen auf dem Stand nicht zugelassen. Beide Pulversorten d\u00fcrfen lt. gesetzlicher Regelungen in Innenr\u00e4umen nicht gleichzeitig verschossen werden \u2013 wg. Brand-\/Verpuffungsgefahr.<\/p>\n<p>Das Schie\u00dfen mit Schwarzpulverwaffen bzw. Vorderladern hat seinen ganz eigenen Reiz, ob nun mit mehrsch\u00fcssigen Perkussionsrevolver, einsch\u00fcssigen Perkussionspistolen\/-Gewehren oder gar Steinschlo\u00dfwaffen. Denn das Laden eines jeden einzelnen Schusses ist in jedem Fall ein sorgf\u00e4ltiges Procedere, welches mit dem Aufmunitionieren einer \u00fcblichen Revolvertrommel oder eines Pistolenmagazins kaum etwas gemeinsam hat. Gute Vorbereitung incl. Wahl der richtigen Pulvermenge, Schu\u00dfpflaster\/D\u00e4mmung, Geschosse und letztlich das \u201eStopfen\u201c sind mind. ebenso wichtig wie die \u00fcblichen Routinen f\u00fcr die anschlie\u00dfende Abgabe des Schusses. Das Laden ist relativ umst\u00e4ndlich und zeitaufw\u00e4ndig \u2013 aber genau das macht eben den genannten besonderen Reiz aus und ist gleichzeitig eine besondere Herausforderung. Die meisten, die diese urspr\u00fcngliche Art des Schie\u00dfens schon mal ausprobiert haben werden dies gerne best\u00e4tigen.<\/p>\n<p>Ein paar allgemeine, kurze Infos f\u00fcr \u201eEinsteiger\u201c:<\/p>\n<p><strong>Waffen<br \/>\n<\/strong>Geschossen werden d\u00fcrfen alle Waffen mit g\u00fcltigem Schwarzpulverbeschu\u00df. Angenehme Besonderheit: Vorderladerwaffen unterliegen grunds\u00e4tzlich erleichterten Erwerbsbedingungen. Mehrsch\u00fcssige (die klassischen Revolver, aber auch mehrl\u00e4ufige Pistolen\/B\u00fcchsen\/Flinten) unterliegen der Erlaubnispflicht, k\u00f6nnen lt. Aktuellem WaffG aber ohne weiteren Bed\u00fcrfnisnachweis auf vorhandene \u201eGelbe WBK\u201c erworben werden. Kaufen und Anmelden bei der Erlaubnisbeh\u00f6rde gen\u00fcgt. Transport, Lagerung (Tresor) etc. unterliegen den gleichen kategorisierten Bestimmungen wie alle anderen erlaubnispflichtigen Waffen.<\/p>\n<p>Einsch\u00fcssige unterliegen nicht einmal einer Erwerbserlaubnis und k\u00f6nnen somit frei ab dem 18. Lebensjahr erworben und besessen werden! Besondere Aufbewahrung in Tresor und Bestimmungen hinsichtlich Transport etc. entfallen hier deshalb. Dies gilt sogar f\u00fcr z.B. Sharps- und Gallager-Hinterladerb\u00fcchsen, die mit vorgeladenen Papier- oder Messingpatronen von hinten geladen, letztlich aber \u00fcber eine separate Perkussionsz\u00fcndung abgefeuert werden.<\/p>\n<p>Einzige, absurde Ausnahme: die \u201eTingle-Pistole\u201c (Gelbe WBK). Liegt vermutlich daran, dass diese Waffe kein historisches Vorbild hat und\/oder in der Silhouette einem Revolver \u00e4hnelt.<\/p>\n<p>Vorderladerwaffen, oft auch sehr gute sind i.d.R. preislich so angesiedelt, dass sie keine gro\u00dfen L\u00f6cher in die Haushaltskasse rei\u00dfen. Dies gilt besonders f\u00fcr gebrauchte.<\/p>\n<p>Gute Revolver sind aus den \u201efreien Zeiten\u201c der 70er Jahre, haupts\u00e4chlich aus italienischer oder spanischer Produktion in gro\u00dfer Menge auf dem Markt vorhanden (\u201eGrabbelkiste\u201c) und wechseln gerne schon mal f\u00fcr 100-200 \u20ac den Besitzer.<\/p>\n<p>Gleiches gilt f\u00fcr einsch\u00fcssige Pistolen\/B\u00fcchsen \u2013 wobei f\u00fcr hochpr\u00e4zise Matchwaffen durchaus aber auch das Mehrfache gefordert wird.<\/p>\n<p>Neu gefertigte Waffen sind ebenfalls auf dem Markt \u2013 von einfachsten Teilen bis hin zu aufw\u00e4ndigen Matchwaffen. Hier ist die Preisspanne beachtlich und reicht von 100-200\u20ac bis 1000\u20ac und dar\u00fcber.<\/p>\n<p>Manche alte \u201eSch\u00e4tzchen\u201c aus den 70er\/80er Jahren haben \u2013 je nach Zustand &#8211; sogar das Zeug zur Wertanlage, hier nur 2 Beispiele von etlichen: originale Perkussionspistolen \u201eHege Siber Cal.33\u201c (Zeughaus \u00dcberlingen, m\u00f6gl. im Originalkasten) oder der begehrte Gallager-Karabiner .54 von ERMA, der schon seit vielen Jahren nicht mehr gebaut wird. Die hier aufgerufenen Preise \u00fcbertreffen mittlerweile manchmal schon den urspr\u00fcnglichen Neupreis und steigen tendenziell weiter.<\/p>\n<p><strong>Treibmittel\/Pulver<br \/>\n<\/strong>Als Treibmittel ist ausschlie\u00dflich Schwarzpulver zugelassen. Dies unterliegt hinsichtlich Erwerb\/Besitz\/Lagerung dem Sprengstoffgesetz, kann also nur mit beh\u00f6rdlicher Erlaubnis gehandhabt werden. Erforderlich ist daf\u00fcr die Erlaubnis nach \u00a727SprengG. Diese wird \u00e4hnlich der WBK nach Lehrgang\/Pr\u00fcfung und \u00dcberpr\u00fcfung des Antragstellers durch die Erlaubnisbeh\u00f6rde erteilt (s. auch Thema WBK\/Wiederladen auf unserer HP).<\/p>\n<p>Ist aber f\u00fcr unser Training \u201eSchwarzpulverschie\u00dfen\u201c f\u00fcr Interessenten ohne diesen \u201ePulverschein\u201c kein Problem \u2013 <span style=\"color: #ff0000;\">Pulver wird an dem Trainingstermin von Berechtigten\/bzw. dem Verein kostenlos zur Verf\u00fcgung gestellt!<\/span><\/p>\n<p>Konkret bedeutet dies f\u00fcr Interessierte:<br \/>\n1) Jeder, der eine geeignete Vorderladerwaffe besitzt, kann und darf damit an diesem Abend erscheinen. M\u00f6glichst mit passenden Geschossen und Pflaster-\/D\u00e4mmmittel und Z\u00fcndh\u00fctchen. Pulver steht zur Verf\u00fcgung.<br \/>\n2.) Sollte die eine oder andere Unsicherheit bestehen \u2013 die erfahrenen Kollegen helfen gerne, am besten aber schon im Vorfeld kl\u00e4ren.<br \/>\n3.) Wer keine entsprechende Waffe besitzt, nur mal \u201ereinschnuppern\u201c m\u00f6chte, ist ebenfalls willkommen. Der Autor selbst z.B. stellt seine Waffe(n) selbst gern f\u00fcr ein paar Sch\u00fcsse zur Verf\u00fcgung \u2013 die anderen anwesenden Kollegen aber sicher ebenso.<br \/>\n4.) Schwarzpulver mu\u00df nicht mitgebracht werden \u2013 s.o.<br \/>\n5.) Wie bei allen anderen Schie\u00dfen aber gilt: Geh\u00f6rschutz und Schutzbrille sind Pflicht, ebenso Versicherungsnachweis (z.B. g\u00fcltige BDS-Mitgliedschaft\/Ausweis) etc.<br \/>\n6.) Und: Zeit, Geduld, Gelassenheit mitbringen! Dann wird`s auch was mit dem Spa\u00df!!!<\/p>\n<p>Da die Vorbereitungen und Durchf\u00fchrung eines solchen Abends aufw\u00e4ndiger sind als andere Trainingstermine \u2013\u00a0<strong>bitte unbedingt vorab bei Claudia Meyer telefonisch oder per <a href=\"mailto:claudia@ssv-holzhausen.de\">E-mail<\/a> anmelden.<\/strong><br \/>\nDabei k\u00f6nnen zuvor auch schon m\u00f6gliche Unklarheiten und Unsicherheiten ausger\u00e4umt werden. Alle Kontaktdaten auf unserer HP unter \u201eUnser Verein\/Vorstand\u201c.<\/p>\n<p>Claudia Meyer<\/p>\n","protected":false},"excerpt":{"rendered":"<p>Die letzten Termine waren sehr gut besucht und habe allen sehr viel Spa\u00df gemacht. Weiterhin wird es wieder mind. 2 Termine pro Jahr auf dem Schie\u00dfstand in Tengern geben, diese findet ihr unter Termine. Dieser Stand hat auch die Zulassung f\u00fcr Schwarzpulver. Auch daf\u00fcr gilt schon mal: F\u00fcr bessere Planung bitte unbedingt zum jeweiligen Termin [&hellip;]<\/p>\n","protected":false},"author":1,"featured_media":0,"parent":1373,"menu_order":0,"comment_status":"closed","ping_status":"closed","template":"","meta":{"spay_email":""},"jetpack_shortlink":"https:\/\/wp.me\/P9Hvti-md","publishpress_future_action":{"enabled":false,"date":"1970-01-01 01:00:00","action":"","terms":[],"taxonomy":"","browser_timezone_offset":0},"_links":{"self":[{"href":"https:\/\/ssv-holzhausen.de\/new\/wp-json\/wp\/v2\/pages\/1377"}],"collection":[{"href":"https:\/\/ssv-holzhausen.de\/new\/wp-json\/wp\/v2\/pages"}],"about":[{"href":"https:\/\/ssv-holzhausen.de\/new\/wp-json\/wp\/v2\/types\/page"}],"author":[{"embeddable":true,"href":"https:\/\/ssv-holzhausen.de\/new\/wp-json\/wp\/v2\/users\/1"}],"replies":[{"embeddable":true,"href":"https:\/\/ssv-holzhausen.de\/new\/wp-json\/wp\/v2\/comments?post=1377"}],"version-history":[{"count":9,"href":"https:\/\/ssv-holzhausen.de\/new\/wp-json\/wp\/v2\/pages\/1377\/revisions"}],"predecessor-version":[{"id":2728,"href":"https:\/\/ssv-holzhausen.de\/new\/wp-json\/wp\/v2\/pages\/1377\/revisions\/2728"}],"up":[{"embeddable":true,"href":"https:\/\/ssv-holzhausen.de\/new\/wp-json\/wp\/v2\/pages\/1373"}],"wp:attachment":[{"href":"https:\/\/ssv-holzhausen.de\/new\/wp-json\/wp\/v2\/media?parent=1377"}],"curies":[{"name":"wp","href":"https:\/\/api.w.org\/{rel}","templated":true}]}}