{"id":1381,"date":"2018-02-12T14:03:57","date_gmt":"2018-02-12T13:03:57","guid":{"rendered":"http:\/\/ssv-holzhausen.de\/new\/?page_id=1381"},"modified":"2018-02-26T18:25:08","modified_gmt":"2018-02-26T17:25:08","slug":"vereinswaffen","status":"publish","type":"page","link":"https:\/\/ssv-holzhausen.de\/new\/training\/vereinswaffen\/","title":{"rendered":"Vereinswaffen"},"content":{"rendered":"<p><strong>Besonders f\u00fcr &#8211; aber nicht NUR f\u00fcr &#8222;Anf\u00e4nger&#8220; &#8230;\u00a0<\/strong>bietet der SSV-Holzhausen etliche Vereinswaffen f\u00fcr das Training der g\u00e4ngigsten Schie\u00dfdisziplinen der Dachverb\u00e4nde. Denn das aktuelle Waffengesetz erschwert durch seine Regelungen die letztendliche Auswahl des eigenen &#8222;passenden&#8220; Sportger\u00e4tes erheblich. Zur Orientierung und Entscheidungsfindung stehen unseren Mitgliedern deshalb entsprechende Waffen zur Verf\u00fcgung.<\/p>\n<p><strong>Hier ein paar Beispiele:<\/strong><\/p>\n<div id='gallery-1' class='czr-gallery row flex-row czr-gallery-style gallery galleryid-1381 gallery-columns-3 gallery-size-thumbnail'><figure class='gallery-item col col-auto'>\r\n                        <div class='gallery-icon landscape czr-gallery-icon'>\r\n                              <a data-lb-type=\"grouped-gallery\" title=\"Glock 17 &#8211; Kaliber 9mm Para\" href=https:\/\/ssv-holzhausen.de\/new\/wp-content\/uploads\/2018\/02\/Glock17-1.jpg class=\"bg-link\"><\/a><img width=\"150\" height=\"150\" src=\"https:\/\/i2.wp.com\/ssv-holzhausen.de\/new\/wp-content\/uploads\/2018\/02\/Glock17-1.jpg?resize=150%2C150&amp;ssl=1\" class=\"attachment-thumbnail size-thumbnail\" alt=\"\" loading=\"lazy\" sizes=\"(min-width: 1200px) 350px, (min-width: 992px) 290px, (min-width: 768px) 210px, (min-width: 576px) 150px, calc( 50vw - 30px )\" aria-describedby=\"gallery-1-1799\" srcset=\"https:\/\/i2.wp.com\/ssv-holzhausen.de\/new\/wp-content\/uploads\/2018\/02\/Glock17-1.jpg?resize=150%2C150&amp;ssl=1 150w, https:\/\/i2.wp.com\/ssv-holzhausen.de\/new\/wp-content\/uploads\/2018\/02\/Glock17-1.jpg?resize=640%2C640&amp;ssl=1 640w, https:\/\/i2.wp.com\/ssv-holzhausen.de\/new\/wp-content\/uploads\/2018\/02\/Glock17-1.jpg?resize=510%2C510&amp;ssl=1 510w, https:\/\/i2.wp.com\/ssv-holzhausen.de\/new\/wp-content\/uploads\/2018\/02\/Glock17-1.jpg?zoom=2&amp;resize=150%2C150&amp;ssl=1 300w, https:\/\/i2.wp.com\/ssv-holzhausen.de\/new\/wp-content\/uploads\/2018\/02\/Glock17-1.jpg?zoom=3&amp;resize=150%2C150&amp;ssl=1 450w\" data-attachment-id=\"1799\" data-permalink=\"https:\/\/ssv-holzhausen.de\/new\/training\/vereinswaffen\/glock17-2\/\" data-orig-file=\"https:\/\/i2.wp.com\/ssv-holzhausen.de\/new\/wp-content\/uploads\/2018\/02\/Glock17-1.jpg?fit=1000%2C799&amp;ssl=1\" data-orig-size=\"1000,799\" data-comments-opened=\"1\" data-image-meta=\"{&quot;aperture&quot;:&quot;0&quot;,&quot;credit&quot;:&quot;&quot;,&quot;camera&quot;:&quot;&quot;,&quot;caption&quot;:&quot;&quot;,&quot;created_timestamp&quot;:&quot;0&quot;,&quot;copyright&quot;:&quot;&quot;,&quot;focal_length&quot;:&quot;0&quot;,&quot;iso&quot;:&quot;0&quot;,&quot;shutter_speed&quot;:&quot;0&quot;,&quot;title&quot;:&quot;&quot;,&quot;orientation&quot;:&quot;0&quot;}\" data-image-title=\"Glock17\" data-image-description=\"\" data-image-caption=\"&lt;p&gt;Glock 17 &#8211; Kaliber 9mm Para&lt;\/p&gt;\n\" data-medium-file=\"https:\/\/i2.wp.com\/ssv-holzhausen.de\/new\/wp-content\/uploads\/2018\/02\/Glock17-1.jpg?fit=300%2C240&amp;ssl=1\" data-large-file=\"https:\/\/i2.wp.com\/ssv-holzhausen.de\/new\/wp-content\/uploads\/2018\/02\/Glock17-1.jpg?fit=1000%2C799&amp;ssl=1\" \/>\r\n                        <\/div>\r\n                              <figcaption class='wp-caption-text gallery-caption' id='gallery-1-1799'>\r\n                              Glock 17 &#8211; Kaliber 9mm Para\r\n                              <\/figcaption><\/figure><figure class='gallery-item col col-auto'>\r\n                        <div class='gallery-icon landscape czr-gallery-icon'>\r\n                              <a data-lb-type=\"grouped-gallery\" title=\"Beretta CX4 &#8211; Kaliber 9mm Para\" href=https:\/\/ssv-holzhausen.de\/new\/wp-content\/uploads\/2018\/02\/BerettaCX4-1.jpg class=\"bg-link\"><\/a><img width=\"150\" height=\"150\" src=\"https:\/\/i0.wp.com\/ssv-holzhausen.de\/new\/wp-content\/uploads\/2018\/02\/BerettaCX4-1.jpg?resize=150%2C150&amp;ssl=1\" class=\"attachment-thumbnail size-thumbnail\" alt=\"\" loading=\"lazy\" sizes=\"(min-width: 1200px) 350px, (min-width: 992px) 290px, (min-width: 768px) 210px, (min-width: 576px) 150px, calc( 50vw - 30px )\" aria-describedby=\"gallery-1-1798\" srcset=\"https:\/\/i0.wp.com\/ssv-holzhausen.de\/new\/wp-content\/uploads\/2018\/02\/BerettaCX4-1.jpg?resize=150%2C150&amp;ssl=1 150w, https:\/\/i0.wp.com\/ssv-holzhausen.de\/new\/wp-content\/uploads\/2018\/02\/BerettaCX4-1.jpg?resize=640%2C640&amp;ssl=1 640w, https:\/\/i0.wp.com\/ssv-holzhausen.de\/new\/wp-content\/uploads\/2018\/02\/BerettaCX4-1.jpg?resize=510%2C510&amp;ssl=1 510w, https:\/\/i0.wp.com\/ssv-holzhausen.de\/new\/wp-content\/uploads\/2018\/02\/BerettaCX4-1.jpg?zoom=2&amp;resize=150%2C150&amp;ssl=1 300w, https:\/\/i0.wp.com\/ssv-holzhausen.de\/new\/wp-content\/uploads\/2018\/02\/BerettaCX4-1.jpg?zoom=3&amp;resize=150%2C150&amp;ssl=1 450w\" data-attachment-id=\"1798\" data-permalink=\"https:\/\/ssv-holzhausen.de\/new\/training\/vereinswaffen\/berettacx4-2\/\" data-orig-file=\"https:\/\/i0.wp.com\/ssv-holzhausen.de\/new\/wp-content\/uploads\/2018\/02\/BerettaCX4-1.jpg?fit=1000%2C799&amp;ssl=1\" data-orig-size=\"1000,799\" data-comments-opened=\"1\" data-image-meta=\"{&quot;aperture&quot;:&quot;0&quot;,&quot;credit&quot;:&quot;&quot;,&quot;camera&quot;:&quot;&quot;,&quot;caption&quot;:&quot;&quot;,&quot;created_timestamp&quot;:&quot;0&quot;,&quot;copyright&quot;:&quot;&quot;,&quot;focal_length&quot;:&quot;0&quot;,&quot;iso&quot;:&quot;0&quot;,&quot;shutter_speed&quot;:&quot;0&quot;,&quot;title&quot;:&quot;&quot;,&quot;orientation&quot;:&quot;0&quot;}\" data-image-title=\"BerettaCX4\" data-image-description=\"\" data-image-caption=\"&lt;p&gt;Beretta CX4 &#8211; Kaliber 9mm Para&lt;\/p&gt;\n\" data-medium-file=\"https:\/\/i0.wp.com\/ssv-holzhausen.de\/new\/wp-content\/uploads\/2018\/02\/BerettaCX4-1.jpg?fit=300%2C240&amp;ssl=1\" data-large-file=\"https:\/\/i0.wp.com\/ssv-holzhausen.de\/new\/wp-content\/uploads\/2018\/02\/BerettaCX4-1.jpg?fit=1000%2C799&amp;ssl=1\" \/>\r\n                        <\/div>\r\n                              <figcaption class='wp-caption-text gallery-caption' id='gallery-1-1798'>\r\n                              Beretta CX4 &#8211; Kaliber 9mm Para\r\n                              <\/figcaption><\/figure><figure class='gallery-item col col-auto'>\r\n                        <div class='gallery-icon landscape czr-gallery-icon'>\r\n                              <a data-lb-type=\"grouped-gallery\" title=\"Ruger Precision Rifle &#8211; Kaliber .223\" href=https:\/\/ssv-holzhausen.de\/new\/wp-content\/uploads\/2018\/02\/RugerPrecisionRifle-1.jpg class=\"bg-link\"><\/a><img width=\"150\" height=\"150\" src=\"https:\/\/i0.wp.com\/ssv-holzhausen.de\/new\/wp-content\/uploads\/2018\/02\/RugerPrecisionRifle-1.jpg?resize=150%2C150&amp;ssl=1\" class=\"attachment-thumbnail size-thumbnail\" alt=\"\" loading=\"lazy\" sizes=\"(min-width: 1200px) 350px, (min-width: 992px) 290px, (min-width: 768px) 210px, (min-width: 576px) 150px, calc( 50vw - 30px )\" aria-describedby=\"gallery-1-1800\" srcset=\"https:\/\/i0.wp.com\/ssv-holzhausen.de\/new\/wp-content\/uploads\/2018\/02\/RugerPrecisionRifle-1.jpg?resize=150%2C150&amp;ssl=1 150w, https:\/\/i0.wp.com\/ssv-holzhausen.de\/new\/wp-content\/uploads\/2018\/02\/RugerPrecisionRifle-1.jpg?resize=640%2C640&amp;ssl=1 640w, https:\/\/i0.wp.com\/ssv-holzhausen.de\/new\/wp-content\/uploads\/2018\/02\/RugerPrecisionRifle-1.jpg?resize=510%2C510&amp;ssl=1 510w, https:\/\/i0.wp.com\/ssv-holzhausen.de\/new\/wp-content\/uploads\/2018\/02\/RugerPrecisionRifle-1.jpg?zoom=2&amp;resize=150%2C150&amp;ssl=1 300w, https:\/\/i0.wp.com\/ssv-holzhausen.de\/new\/wp-content\/uploads\/2018\/02\/RugerPrecisionRifle-1.jpg?zoom=3&amp;resize=150%2C150&amp;ssl=1 450w\" data-attachment-id=\"1800\" data-permalink=\"https:\/\/ssv-holzhausen.de\/new\/training\/vereinswaffen\/rugerprecisionrifle\/\" data-orig-file=\"https:\/\/i0.wp.com\/ssv-holzhausen.de\/new\/wp-content\/uploads\/2018\/02\/RugerPrecisionRifle-1.jpg?fit=1000%2C799&amp;ssl=1\" data-orig-size=\"1000,799\" data-comments-opened=\"1\" data-image-meta=\"{&quot;aperture&quot;:&quot;0&quot;,&quot;credit&quot;:&quot;&quot;,&quot;camera&quot;:&quot;&quot;,&quot;caption&quot;:&quot;&quot;,&quot;created_timestamp&quot;:&quot;0&quot;,&quot;copyright&quot;:&quot;&quot;,&quot;focal_length&quot;:&quot;0&quot;,&quot;iso&quot;:&quot;0&quot;,&quot;shutter_speed&quot;:&quot;0&quot;,&quot;title&quot;:&quot;&quot;,&quot;orientation&quot;:&quot;0&quot;}\" data-image-title=\"RugerPrecisionRifle\" data-image-description=\"\" data-image-caption=\"&lt;p&gt;Ruger Precision Rifle &#8211; Kaliber .223&lt;\/p&gt;\n\" data-medium-file=\"https:\/\/i0.wp.com\/ssv-holzhausen.de\/new\/wp-content\/uploads\/2018\/02\/RugerPrecisionRifle-1.jpg?fit=300%2C240&amp;ssl=1\" data-large-file=\"https:\/\/i0.wp.com\/ssv-holzhausen.de\/new\/wp-content\/uploads\/2018\/02\/RugerPrecisionRifle-1.jpg?fit=1000%2C799&amp;ssl=1\" \/>\r\n                        <\/div>\r\n                              <figcaption class='wp-caption-text gallery-caption' id='gallery-1-1800'>\r\n                              Ruger Precision Rifle &#8211; Kaliber .223\r\n                              <\/figcaption><\/figure>\r\n                  <\/div>\n\n","protected":false},"excerpt":{"rendered":"<p>Besonders f\u00fcr &#8211; aber nicht NUR f\u00fcr &#8222;Anf\u00e4nger&#8220; &#8230;\u00a0bietet der SSV-Holzhausen etliche Vereinswaffen f\u00fcr das Training der g\u00e4ngigsten Schie\u00dfdisziplinen der Dachverb\u00e4nde. Denn das aktuelle Waffengesetz erschwert durch seine Regelungen die letztendliche Auswahl des eigenen &#8222;passenden&#8220; Sportger\u00e4tes erheblich. Zur Orientierung und Entscheidungsfindung stehen unseren Mitgliedern deshalb entsprechende Waffen zur Verf\u00fcgung. Hier ein paar Beispiele:<\/p>\n","protected":false},"author":1,"featured_media":0,"parent":1373,"menu_order":0,"comment_status":"closed","ping_status":"closed","template":"","meta":{"spay_email":""},"jetpack_shortlink":"https:\/\/wp.me\/P9Hvti-mh","publishpress_future_action":{"enabled":false,"date":"1970-01-01 01:00:00","action":"","terms":[],"taxonomy":"","browser_timezone_offset":0},"_links":{"self":[{"href":"https:\/\/ssv-holzhausen.de\/new\/wp-json\/wp\/v2\/pages\/1381"}],"collection":[{"href":"https:\/\/ssv-holzhausen.de\/new\/wp-json\/wp\/v2\/pages"}],"about":[{"href":"https:\/\/ssv-holzhausen.de\/new\/wp-json\/wp\/v2\/types\/page"}],"author":[{"embeddable":true,"href":"https:\/\/ssv-holzhausen.de\/new\/wp-json\/wp\/v2\/users\/1"}],"replies":[{"embeddable":true,"href":"https:\/\/ssv-holzhausen.de\/new\/wp-json\/wp\/v2\/comments?post=1381"}],"version-history":[{"count":13,"href":"https:\/\/ssv-holzhausen.de\/new\/wp-json\/wp\/v2\/pages\/1381\/revisions"}],"predecessor-version":[{"id":1803,"href":"https:\/\/ssv-holzhausen.de\/new\/wp-json\/wp\/v2\/pages\/1381\/revisions\/1803"}],"up":[{"embeddable":true,"href":"https:\/\/ssv-holzhausen.de\/new\/wp-json\/wp\/v2\/pages\/1373"}],"wp:attachment":[{"href":"https:\/\/ssv-holzhausen.de\/new\/wp-json\/wp\/v2\/media?parent=1381"}],"curies":[{"name":"wp","href":"https:\/\/api.w.org\/{rel}","templated":true}]}}