{"id":1431,"date":"2018-02-12T14:23:05","date_gmt":"2018-02-12T13:23:05","guid":{"rendered":"http:\/\/ssv-holzhausen.de\/new\/?page_id=1431"},"modified":"2018-02-26T13:58:54","modified_gmt":"2018-02-26T12:58:54","slug":"waffenrecht","status":"publish","type":"page","link":"https:\/\/ssv-holzhausen.de\/new\/waffenrecht\/","title":{"rendered":"Waffenerwerb in Deutschland"},"content":{"rendered":"<p>Von Stefan Holstein<br \/>\n[amo_member id=&#8220;1522&#8243; item-width=&#8220;250&#8243; align=&#8220;left&#8220; item-margin=&#8220;20&#8243; full-width=&#8220;yes&#8220; panel=&#8220;right&#8220;]<\/p>\n<p>Von vielen wird daraus ein Geheimnis gemacht bzw.die meisten B\u00fcrger dieses Landes sind \u00fcber dieses Tabuthema nicht vollst\u00e4ndig oder gar nicht informiert. Viele verwechseln deshalb sogar eine Waffenbesitzkarte mit einem Waffenschein. Kurz erkl\u00e4rt:<\/p>\n<p><strong>Waffenbesitzkarte = legaler Besitznachweis<\/strong><br \/>\nEine Waffenbesitzkarte gestattet dem Inhaber nur den Besitz einer oder mehrerer Schu\u00dfwaffen\/Munition zum zweckgebundenen Gebrauch z.B. als Sportsch\u00fctze auf dem Schie\u00dfstand &#8211; incl. des notwendigen gesicherten Transportes dahin und zur\u00fcck. Die dazu erforderlichen und genehmigten Waffen sind in der Waffenbesitzkarte eingetragen. Das &#8222;F\u00fchren&#8220; einer Waffe (s.u.) ist ausgeschlossen!<br \/>\n\u00c4hnliches gilt f\u00fcr J\u00e4ger. Hier gibt es allerdings noch weitere Bestimmungen hinsichtlich Selbstschutz.<br \/>\nN\u00e4heres zu den einzelnen Berechtigungen auf der n\u00e4chsten Seite &#8222;Die WBK&#8220;.<\/p>\n<p><strong>Waffenschein = Berechtigung zum &#8222;F\u00fchren&#8220;<\/strong><br \/>\nEin Waffenschein berechtigt den Inhaber, nur EINE ganz bestimmte Waffe (Typ, Modell und Kaliber sind ganz genau definiert) in der \u00d6ffentlichkeit ausschlie\u00dflich zum Selbstschutz oder zur Gefahrenabwehr zu &#8222;f\u00fchren&#8220;, dh. jederzeit zugriffsbereit und feuerbereit bei sich zu tragen. Als typische Beispiele sind hier Personensch\u00fctzer oder auch Sch\u00fctzer von Werttransporten zu nennen.<br \/>\nN\u00e4heres hierzu bei <a href=\"https:\/\/de.wikipedia.org\/wiki\/Waffenschein\">Waffenschein auf WIKIPEDIA<\/a><\/p>\n<p>In vielen Sch\u00fctzenvereinigungen, haupts\u00e4chlich zu finden im Deutschen Sch\u00fctzenbund (DSB) werden erlaubnispflichtige Schu\u00dfwaffen, besonders gro\u00dfkalibrige Sportger\u00e4te oft tabuisiert oder ganz mit dem Satz abgelehnt, dass solches &#8222;Teufelswerk&#8220; nicht in einen Sportverein geh\u00f6rt und man gef\u00e4lligst mit Luftgewehr und Luftpistole seinen Sport auszu\u00fcben hat.<br \/>\nSelbstverst\u00e4ndlich aber sollte jeder selbst entscheiden, welche schie\u00dfsportlichen Disziplinen er w\u00e4hlt.<br \/>\nDeshalb sollte auch jedem die Informationen gegeben werden, welche gesetzlichen Voraussetzungen an den Erwerb von Waffen gestellt werden, damit jeder f\u00fcr sich die Entscheidung treffen kann ob er das will oder nicht.<\/p>\n<p>Nicht zuletzt deshalb haben wir uns dem BDS als Dachverband angeschlossen, der in dieser Hinsicht wesentlich mehr Freiheit gestattet.<br \/>\nLetztlich kann jede &#8222;Feuerwaffe&#8220; &#8211; egal ob Kleinkaliber oder .44 Magnum, und selbst ein simples Luftgewehr bei Mi\u00dfbrauch Schlimmes anrichten. Ziel unsere Vereins ist es deshalb, Schie\u00dfsportinteressierten die M\u00f6glichkeit zu geben, ihrer Leidenschaft legal, sicher und verantwortlich nachkommen zu k\u00f6nnen.<br \/>\nDaf\u00fcr bieten wir unseren Mitgliedern in jeder Phase, vom Einstieg in den Sport bis zur wettbewerbsm\u00e4\u00dfigen Aus\u00fcbung, gr\u00f6\u00dftm\u00f6gliche Unterst\u00fctzung.<\/p>\n","protected":false},"excerpt":{"rendered":"<p>Von Stefan Holstein [amo_member id=&#8220;1522&#8243; item-width=&#8220;250&#8243; align=&#8220;left&#8220; item-margin=&#8220;20&#8243; full-width=&#8220;yes&#8220; panel=&#8220;right&#8220;] Von vielen wird daraus ein Geheimnis gemacht bzw.die meisten B\u00fcrger dieses Landes sind \u00fcber dieses Tabuthema nicht vollst\u00e4ndig oder gar nicht informiert. Viele verwechseln deshalb sogar eine Waffenbesitzkarte mit einem Waffenschein. Kurz erkl\u00e4rt: Waffenbesitzkarte = legaler Besitznachweis Eine Waffenbesitzkarte gestattet dem Inhaber nur den Besitz [&hellip;]<\/p>\n","protected":false},"author":1,"featured_media":0,"parent":0,"menu_order":0,"comment_status":"closed","ping_status":"closed","template":"","meta":{"spay_email":""},"jetpack_shortlink":"https:\/\/wp.me\/P9Hvti-n5","publishpress_future_action":{"enabled":false,"date":"1970-01-01 01:00:00","action":"","terms":[],"taxonomy":"","browser_timezone_offset":0},"_links":{"self":[{"href":"https:\/\/ssv-holzhausen.de\/new\/wp-json\/wp\/v2\/pages\/1431"}],"collection":[{"href":"https:\/\/ssv-holzhausen.de\/new\/wp-json\/wp\/v2\/pages"}],"about":[{"href":"https:\/\/ssv-holzhausen.de\/new\/wp-json\/wp\/v2\/types\/page"}],"author":[{"embeddable":true,"href":"https:\/\/ssv-holzhausen.de\/new\/wp-json\/wp\/v2\/users\/1"}],"replies":[{"embeddable":true,"href":"https:\/\/ssv-holzhausen.de\/new\/wp-json\/wp\/v2\/comments?post=1431"}],"version-history":[{"count":6,"href":"https:\/\/ssv-holzhausen.de\/new\/wp-json\/wp\/v2\/pages\/1431\/revisions"}],"predecessor-version":[{"id":1738,"href":"https:\/\/ssv-holzhausen.de\/new\/wp-json\/wp\/v2\/pages\/1431\/revisions\/1738"}],"wp:attachment":[{"href":"https:\/\/ssv-holzhausen.de\/new\/wp-json\/wp\/v2\/media?parent=1431"}],"curies":[{"name":"wp","href":"https:\/\/api.w.org\/{rel}","templated":true}]}}